{"id":760,"date":"2025-03-17T12:49:44","date_gmt":"2025-03-17T11:49:44","guid":{"rendered":"https:\/\/jmb-art.fr\/?page_id=760"},"modified":"2025-11-02T10:22:13","modified_gmt":"2025-11-02T09:22:13","slug":"boutique","status":"publish","type":"page","link":"https:\/\/jmb-art.fr\/index.php\/boutique\/","title":{"rendered":"Boutique"},"content":{"rendered":"\n<p>Un des mes dessins vous s\u00e9duit ?<\/p>\n\n\n\n<div class=\"wp-block-buttons is-layout-flex wp-block-buttons-is-layout-flex\">\n<div class=\"wp-block-button\"><a class=\"wp-block-button__link wp-element-button\" href=\"mailto:jmbuttard21@gmail.com\">Me contacter<\/a><\/div>\n<\/div>\n\n\n\n<div class=\"wp-block-columns is-layout-flex wp-container-core-columns-is-layout-28f84493 wp-block-columns-is-layout-flex\">\n<div class=\"wp-block-column is-layout-flow wp-block-column-is-layout-flow\">\n<p class=\"has-text-align-center\">Original<\/p>\n\n\n\n<p class=\"has-text-align-center\">30&#215;40<\/p>\n\n\n\n<p class=\"has-text-align-center\">125\u20ac<\/p>\n<\/div>\n\n\n\n<div class=\"wp-block-column is-layout-flow wp-block-column-is-layout-flow\">\n<p class=\"has-text-align-center\">Reproduction<\/p>\n\n\n\n<p class=\"has-text-align-center\">30&#215;40<\/p>\n\n\n\n<p class=\"has-text-align-center\">25\u20ac<\/p>\n<\/div>\n\n\n\n<div class=\"wp-block-column is-layout-flow wp-block-column-is-layout-flow\">\n<p class=\"has-text-align-center\">Carte<\/p>\n\n\n\n<p class=\"has-text-align-center\">10&#215;15<\/p>\n\n\n\n<p class=\"has-text-align-center\"> 2\u20ac<\/p>\n<\/div>\n<\/div>\n\n\n\n<p>Franco de port \u00e0 partir de 60\u20ac<\/p>\n\n\n\n<p>Les reproductions et les cartes sont imprim\u00e9es par HABILIS Dijon<\/p>\n\n\n\n<p><a href=\"https:\/\/esat-habilis.fr\/nos-prestations\/imprimerie\/\">https:\/\/esat-habilis.fr\/nos-prestations\/imprimerie\/<\/a><\/p>\n\n\n\n<h2 class=\"wp-block-heading\">Vous pouvez \u00e9galement retrouver quelques uns de mes dessins  \u00e0 la Galerie Particulier 47 rue de la r\u00e9publique \u00e0 Seurre.<\/h2>\n\n\n\n<figure class=\"wp-block-image size-large\"><a href=\"https:\/\/gabinchristelle.wixsite.com\/particulier\" target=\"_blank\" rel=\" noreferrer noopener\"><img loading=\"lazy\" decoding=\"async\" width=\"625\" height=\"1024\" src=\"http:\/\/jmb-art.fr\/wp-content\/uploads\/2025\/11\/Logo-Particulier-625x1024.jpg\" alt=\"\" class=\"wp-image-914\" srcset=\"https:\/\/jmb-art.fr\/wp-content\/uploads\/2025\/11\/Logo-Particulier-625x1024.jpg 625w, https:\/\/jmb-art.fr\/wp-content\/uploads\/2025\/11\/Logo-Particulier-183x300.jpg 183w, https:\/\/jmb-art.fr\/wp-content\/uploads\/2025\/11\/Logo-Particulier.jpg 715w\" sizes=\"auto, (max-width: 625px) 100vw, 625px\" \/><\/a><\/figure>\n\n\n\n<div class=\"wp-block-columns is-layout-flex wp-container-core-columns-is-layout-28f84493 wp-block-columns-is-layout-flex\">\n<div class=\"wp-block-column is-layout-flow wp-block-column-is-layout-flow\"><\/div>\n\n\n\n<div class=\"wp-block-column is-layout-flow wp-block-column-is-layout-flow\"><\/div>\n\n\n\n<div class=\"wp-block-column is-layout-flow wp-block-column-is-layout-flow\"><\/div>\n<\/div>\n","protected":false},"excerpt":{"rendered":"<p>Un des mes dessins vous s\u00e9duit ? Original 30&#215;40 125\u20ac Reproduction 30&#215;40 25\u20ac Carte 10&#215;15 2\u20ac Franco de port \u00e0 partir de 60\u20ac Les reproductions et les cartes sont imprim\u00e9es par HABILIS Dijon https:\/\/esat-habilis.fr\/nos-prestations\/imprimerie\/ Vous pouvez \u00e9galement retrouver quelques uns de mes dessins \u00e0 la Galerie Particulier 47 rue de la r\u00e9publique \u00e0 Seurre.<\/p>\n","protected":false},"author":1,"featured_media":0,"parent":0,"menu_order":0,"comment_status":"closed","ping_status":"closed","template":"","meta":{"footnotes":""},"class_list":["post-760","page","type-page","status-publish","hentry","entry"],"_links":{"self":[{"href":"https:\/\/jmb-art.fr\/index.php\/wp-json\/wp\/v2\/pages\/760","targetHints":{"allow":["GET"]}}],"collection":[{"href":"https:\/\/jmb-art.fr\/index.php\/wp-json\/wp\/v2\/pages"}],"about":[{"href":"https:\/\/jmb-art.fr\/index.php\/wp-json\/wp\/v2\/types\/page"}],"author":[{"embeddable":true,"href":"https:\/\/jmb-art.fr\/index.php\/wp-json\/wp\/v2\/users\/1"}],"replies":[{"embeddable":true,"href":"https:\/\/jmb-art.fr\/index.php\/wp-json\/wp\/v2\/comments?post=760"}],"version-history":[{"count":9,"href":"https:\/\/jmb-art.fr\/index.php\/wp-json\/wp\/v2\/pages\/760\/revisions"}],"predecessor-version":[{"id":921,"href":"https:\/\/jmb-art.fr\/index.php\/wp-json\/wp\/v2\/pages\/760\/revisions\/921"}],"wp:attachment":[{"href":"https:\/\/jmb-art.fr\/index.php\/wp-json\/wp\/v2\/media?parent=760"}],"curies":[{"name":"wp","href":"https:\/\/api.w.org\/{rel}","templated":true}]}}

<p>Un des mes dessins vous séduit ?</p>



<div class="wp-block-buttons is-layout-flex wp-block-buttons-is-layout-flex">
<div class="wp-block-button"><a class="wp-block-button__link wp-element-button" href="mailto:jmbuttard21@gmail.com">Me contacter</a></div>
</div>



<div class="wp-block-columns is-layout-flex wp-container-core-columns-is-layout-28f84493 wp-block-columns-is-layout-flex">
<div class="wp-block-column is-layout-flow wp-block-column-is-layout-flow">
<p class="has-text-align-center">Original</p>



<p class="has-text-align-center">30&#215;40</p>



<p class="has-text-align-center">125€</p>
</div>



<div class="wp-block-column is-layout-flow wp-block-column-is-layout-flow">
<p class="has-text-align-center">Reproduction</p>



<p class="has-text-align-center">30&#215;40</p>



<p class="has-text-align-center">25€</p>
</div>



<div class="wp-block-column is-layout-flow wp-block-column-is-layout-flow">
<p class="has-text-align-center">Carte</p>



<p class="has-text-align-center">10&#215;15</p>



<p class="has-text-align-center"> 2€</p>
</div>
</div>



<p>Franco de port à partir de 60€</p>



<p>Les reproductions et les cartes sont imprimées par HABILIS Dijon</p>



<p><a href="https://esat-habilis.fr/nos-prestations/imprimerie/">https://esat-habilis.fr/nos-prestations/imprimerie/</a></p>



<h2 class="wp-block-heading">Vous pouvez également retrouver quelques uns de mes dessins  à la Galerie Particulier 47 rue de la république à Seurre.</h2>



<figure class="wp-block-image size-large"><a href="https://gabinchristelle.wixsite.com/particulier" target="_blank" rel=" noreferrer noopener"><img loading="lazy" decoding="async" width="625" height="1024" src="http://jmb-art.fr/wp-content/uploads/2025/11/Logo-Particulier-625x1024.jpg" alt="" class="wp-image-914" srcset="https://jmb-art.fr/wp-content/uploads/2025/11/Logo-Particulier-625x1024.jpg 625w, https://jmb-art.fr/wp-content/uploads/2025/11/Logo-Particulier-183x300.jpg 183w, https://jmb-art.fr/wp-content/uploads/2025/11/Logo-Particulier.jpg 715w" sizes="auto, (max-width: 625px) 100vw, 625px" /></a></figure>



<div class="wp-block-columns is-layout-flex wp-container-core-columns-is-layout-28f84493 wp-block-columns-is-layout-flex">
<div class="wp-block-column is-layout-flow wp-block-column-is-layout-flow"></div>



<div class="wp-block-column is-layout-flow wp-block-column-is-layout-flow"></div>



<div class="wp-block-column is-layout-flow wp-block-column-is-layout-flow"></div>
</div>

<p>Un des mes dessins vous séduit ? Original 30&#215;40 125€ Reproduction 30&#215;40 25€ Carte 10&#215;15 2€ Franco de port à partir de 60€ Les reproductions et les cartes sont imprimées par HABILIS Dijon https://esat-habilis.fr/nos-prestations/imprimerie/ Vous pouvez également retrouver quelques uns de mes dessins à la Galerie Particulier 47 rue de la république à Seurre.</p>
